{"id":96,"date":"2024-11-19T10:58:24","date_gmt":"2024-11-19T10:58:24","guid":{"rendered":"https:\/\/www.habanera.it\/habanerabooks\/?page_id=96"},"modified":"2026-04-29T17:46:09","modified_gmt":"2026-04-29T17:46:09","slug":"il-crollo-della-regola","status":"publish","type":"page","link":"https:\/\/www.habanera.it\/habanerabooks\/narrativa\/il-crollo-della-regola\/","title":{"rendered":"Il crollo della regola"},"content":{"rendered":"\r\n<h3 class=\"wp-block-heading has-accent-3-color has-text-color has-link-color wp-elements-5ccd493faadc9caf3c80ca0ea49799b7\">Il crollo della regola<\/h3>\r\n\r\n\r\n\r\n<div class=\"wp-block-columns is-layout-flex wp-container-core-columns-is-layout-28f84493 wp-block-columns-is-layout-flex\">\r\n<div class=\"wp-block-column is-layout-flow wp-block-column-is-layout-flow\" style=\"flex-basis:100%\">\r\n<p>Brilli, un professore di matematica del liceo, ritiratosi dall\u2019insegnamento, cede alle avance della vicina di cui diventa ospite particolare, evitando il minacciato sfratto. Ma la convivenza col tempo diventa pesante e fugge trasferendosi nella casa di un amico da poco scomparso con l&#8217;impegno di accompagnare il figlio di questi, Luca, alla maturit\u00e0.<\/p>\r\n\r\n\r\n\r\n<p>Due anni pi\u00f9 tardi, come premio per il traguardo raggiunto, il professore e Luca vanno in vacanza all\u2019Isola d\u2019Elba dove il giovane fa amicizia con una ragazza la cui madre sta organizzando una gita a Lourdes per le famiglie altolocate di Roma, le ultime \u201cbaronie romane\u201d legate al Vaticano.<\/p>\r\n\r\n\r\n\r\n<p>Da questo incontro scaturisce una vicenda di truffe, raggiri e inganni, ma anche di un amore, che l\u2019ex professore alla fine trasforma in una rivalsa di classe tra popolo e potere religioso; ma perch\u00e9 la ritorsione si concretizzi, alla fine, \u00e8 costretto a coinvolgere sconosciuti lavoratori, infrangendo cos\u00ec quelli che sono sempre stati i suoi principi, la sua regola di vita.<\/p>\r\n\r\n\r\n\r\n<p>Un affresco sulla parabola discendente di un&#8217;epoca.<\/p>\r\n<\/div>\r\n<\/div>\r\n\r\n\r\n\r\n<p class=\"has-text-align-left has-background\" style=\"background:linear-gradient(135deg,rgb(208,226,250) 0%,rgb(213,186,238) 100%);padding-top:0px;padding-right:20px;padding-bottom:0px;padding-left:20px\">Leggi la recensione di <strong>Daniele Luti<\/strong> su <a href=\"https:\/\/www.alleo.it\/2025\/03\/18\/stefano-cavallini-il-crollo-della-regola-la-gita-habanera-books-2024\/\" target=\"_blank\" rel=\"noopener\">Alleo.it<\/a><\/p>\r\n\r\n\r\n\r\n<p class=\"has-border-color\" style=\"border-color:#c8abe3;border-width:5px;padding-top:5px;padding-right:15px;padding-bottom:5px;padding-left:15px\"><em><strong>Daniele Luti<\/strong> \u00e8 italianista, perfezionato alla Scuola Normale Superiore di Pisa. Ha lavorato a lungo sulla letteratura ottocentesca e novecentesca. Importanti suoi lavori su Viesseux, Pomba, Cassola.<\/em><\/p>\r\n\r\n\r\n\r\n<p><strong>Stefano Cavallini<\/strong> &#8211; 189 pagine &#8211; HABANERA books &#8211; 1a edizione: novembre 2024 &#8211; ISBN 979-12-985084-39 &#8211; \u20ac 8.50 cart. &#8211; 2,69 digital &#8211; <a href=\"https:\/\/amzn.eu\/d\/aj61Wh5\" target=\"_blank\" rel=\"noopener\">acquista<\/a><\/p>\r\n\r\n\r\n\r\n<p><\/p>\r\n","protected":false},"excerpt":{"rendered":"<p>Il crollo della regola Brilli, un professore di matematica del liceo, ritiratosi dall\u2019insegnamento, cede alle avance della vicina di cui diventa ospite particolare, evitando il minacciato sfratto. Ma la convivenza col tempo diventa pesante e fugge trasferendosi nella casa di un amico da poco scomparso con l&#8217;impegno di accompagnare il figlio di questi, Luca, alla [&hellip;]<\/p>\n","protected":false},"author":1,"featured_media":77,"parent":216,"menu_order":1,"comment_status":"closed","ping_status":"closed","template":"","meta":{"footnotes":""},"class_list":["post-96","page","type-page","status-publish","has-post-thumbnail","hentry"],"jetpack_sharing_enabled":true,"jetpack_likes_enabled":true,"jetpack-related-posts":[],"jetpack_shortlink":"https:\/\/wp.me\/PgmPDf-1y","_links":{"self":[{"href":"https:\/\/www.habanera.it\/habanerabooks\/wp-json\/wp\/v2\/pages\/96","targetHints":{"allow":["GET"]}}],"collection":[{"href":"https:\/\/www.habanera.it\/habanerabooks\/wp-json\/wp\/v2\/pages"}],"about":[{"href":"https:\/\/www.habanera.it\/habanerabooks\/wp-json\/wp\/v2\/types\/page"}],"author":[{"embeddable":true,"href":"https:\/\/www.habanera.it\/habanerabooks\/wp-json\/wp\/v2\/users\/1"}],"replies":[{"embeddable":true,"href":"https:\/\/www.habanera.it\/habanerabooks\/wp-json\/wp\/v2\/comments?post=96"}],"version-history":[{"count":24,"href":"https:\/\/www.habanera.it\/habanerabooks\/wp-json\/wp\/v2\/pages\/96\/revisions"}],"predecessor-version":[{"id":545,"href":"https:\/\/www.habanera.it\/habanerabooks\/wp-json\/wp\/v2\/pages\/96\/revisions\/545"}],"up":[{"embeddable":true,"href":"https:\/\/www.habanera.it\/habanerabooks\/wp-json\/wp\/v2\/pages\/216"}],"wp:featuredmedia":[{"embeddable":true,"href":"https:\/\/www.habanera.it\/habanerabooks\/wp-json\/wp\/v2\/media\/77"}],"wp:attachment":[{"href":"https:\/\/www.habanera.it\/habanerabooks\/wp-json\/wp\/v2\/media?parent=96"}],"curies":[{"name":"wp","href":"https:\/\/api.w.org\/{rel}","templated":true}]}}